*b - 1400. Calculate a(18).
-50
Let m(r) = -5444*r + 1. Calculate m(0).
1
Let t(n) = 80*n**3 - 222*n**2 + n + 3. Calculate t(3).
168
Let b(n) = 28*n**2 - 982*n - 4265. Give b(39).
25
Let i(t) = -58*t**2 - 1681*t + 37. Determine i(-29).
8
Let o(g) = 2*g**3 - 5*g**2 + g + 65. Determine o(7).
513
Let q(i) = 120070*i - 1080649. What is q(9)?
-19
Let u(j) = j**2 + 2361*j + 1237169. Give u(-785).
9
Let m(a) = 6*a**3 + 1480*a**2 - 484*a + 2929. Determine m(-247).
459
Let i(x) = -x**3 - 27*x**2 + 74*x + 3583. Calculate i(-14).
-1
Let j(c) = -3*c**2 + 67*c + 663. Calculate j(-6).
153
Let g(h) = -2*h**3 + 205*h**2 + 273*h + 4076. What is g(104)?
20
Let r(m) = 16825*m - 807601. Determine r(48).
-1
Let u(k) = -4993*k**3 - 29*k**2 + 13*k + 11. Calculate u(-1).
4962
Let i(x) = 6*x**2 + 167*x - 370. What is i(-30)?
20
Let n(f) = -f**3 - 70*f**2 - 199*f - 380. Calculate n(-67).
-514
Let h(d) = 67491*d - 809888. What is h(12)?
4
Let v(r) = -286*r - 106277. Calculate v(-375).
973
Let j(v) = -8*v**2 - 265*v + 136. Calculate j(-34).
-102
Let o(s) = 671*s - 203310. Give o(303).
3
Let g(p) = -75*p**2 + 7052*p - 180. Determine g(94).
8
Let c(m) = 346*m - 101483. Determine c(294).
241
Let y(s) = -59*s**2 + 219*s + 390. What is y(-2)?
-284
Let s(t) = -24*t + 205. Calculate s(6).
61
Let r(l) = l**3 + 94*l**2 - 106*l - 990. Calculate r(-95).
55
Let u(z) = z**3 + 207*z**2 - 812*z + 6603. Calculate u(-211).
-149
Let a(m) = 4684*m + 7637. Determine a(-2).
-1731
Let x(l) = 2*l**3 + 94*l**2 - 1289*l + 48. Calculate x(11).
-95
Let g(q) = q**3 - 44*q**2 - 644*q + 8864. Give g(53).
13
Let y(i) = i**3 - 28*i**2 + 3*i + 697. What is y(27)?
49
Let h(r) = -14*r**2 + 2429*r - 3613. Calculate h(172).
-1
Let v(g) = g**2 + 92*g - 3048. Calculate v(0).
-3048
Let m(h) = -1521*h + 194625. Determine m(128).
-63
Let v(y) = 3177*y + 104613. What is v(-33)?
-228
Let d(z) = 1630*z + 52158. Determine d(-32).
-2
Let u(j) = 11463*j + 23. Determine u(0).
23
Let v(k) = 12*k**2 + 4441*k + 39343. Determine v(-361).
-6
Let s(i) = 2*i**2 - 291*i + 10056. Calculate s(56).
32
Let t(o) = -672*o - 8752. Calculate t(-11).
-1360
Let u(w) = -w**2 - 5338*w - 74547. Determine u(-14).
-11
Let c(t) = -t**3 + 43*t**2 - 447*t - 310. What is c(21)?
5
Let l(g) = -108*g**2 + 11482*g - 3611. Give l(106).
-7
Let l(c) = 4491*c - 242512. What is l(54)?
2
Let v(h) = 465*h - 2709. What is v(6)?
81
Let z(f) = 47633*f + 1000288. Calculate z(-21).
-5
Let i(d) = 194*d**2 + 2139*d + 13. Give i(-11).
-42
Let m(a) = -a**3 - 139*a**2 + 571*a + 20591. Give m(-142).
1
Let j(s) = s**3 - 120*s**2 + 2081*s - 111. Calculate j(21).
-69
Let o(b) = 5751*b - 5903. What is o(1)?
-152
Let n(m) = 2968*m - 1101099. Calculate n(371).
29
Let f(c) = -231*c - 17537. Determine f(-78).
481
Let j(k) = -2025*k + 9168. Give j(5).
-957
Let l(b) = 199*b - 1352. Calculate l(8).
240
Let x(f) = 12362*f + 1310009. Give x(-106).
-363
Let w(h) = -2*h**2 + 74*h + 5037. Calculate w(-35).
-3
Let o(l) = l**3 - 28*l**2 - 4*l - 367. What is o(0)?
-367
Let m(j) = -13150*j + 67090. Determine m(5).
1340
Let z(a) = a**3 - 3*a**2 - 6*a + 399. Give z(0).
399
Let m(x) = x**2 + 2557*x + 28006. Give m(-11).
0
Let y(n) = -113*n - 20387. Give y(-175).
-612
Let g(n) = -263*n - 32540. Give g(-114).
-2558
Let k(r) = -2*r**2 + 1447*r + 38868. What is k(-27)?
-1659
Let m(p) = -24*p**3 - 7*p**2 - 42*p + 499. Determine m(5).
-2886
Let b(u) = 227*u - 24820. Determine b(109).
-77
Let v(k) = -58*k - 1654. What is v(-38)?
550
Let g(d) = d**3 - 317*d**2 + 1251*d - 11. Calculate g(4).
-15
Let c(d) = -13*d**2 - 148*d + 85. Give c(-12).
-11
Let k(h) = -652*h + 22104. Determine k(34).
-64
Let z(s) = 4*s**3 + 82*s**2 + 228*s - 122. What is z(-15)?
1408
Let s(d) = 10*d**2 + 1347*d - 48062. Give s(-164).
-10
Let k(q) = -2512*q - 145699. Calculate k(-58).
-3
Let d(b) = -b**2 + 362*b + 181620. Calculate d(-282).
12
Let b(s) = s**2 - 1119*s - 106219. Determine b(-88).
-3
Let o(q) = -773*q**2 + 47156*q - 204. What is o(61)?
-21
Let f(s) = 5*s**2 + 283*s - 854. Give f(3).
40
Let n(j) = j**3 + 68*j**2 - 345*j + 1018. Determine n(-73).
-442
Let p(b) = -47*b**3 - 5*b**2 - 86*b + 288. What is p(3)?
-1284
Let f(m) = 165*m - 7447. Determine f(45).
-22
Let j(o) = o**3 + 110*o**2 - 45*o + 20712. Determine j(-112).
664
Let d(i) = -2*i**3 - 110*i**2 - 104*i + 703. Give d(-54).
487
Let m(l) = l**3 + 182*l**2 + 196*l + 2750. Determine m(-181).
35
Let v(b) = 107*b + 2067. Determine v(-20).
-73
Let f(o) = o**3 - 27*o**2 + 91*o - 1023. Give f(25).
2
Let x(y) = -423*y**2 + 16031*y + 1641. What is x(38)?
7
Let y(l) = 376*l - 1376. Give y(3).
-248
Let p(o) = -2*o**3 + 22*o**2 - 45*o - 13. Determine p(4).
31
Let m(s) = 9*s**2 + 738*s - 3697. Determine m(5).
218
Let o(z) = 926*z + 106486. Determine o(-115).
-4
Let d(y) = 13757*y + 4113317. Calculate d(-299).
-26
Let j(n) = -n**3 + 75*n**2 - 1183*n + 4540. What is j(55)?
-25
Let j(y) = 3*y**3 + y**2 + 181*y + 22. Calculate j(0).
22
Let a(h) = -10*h**2 + 3285*h - 42541. Calculate a(315).
-16
Let o(h) = -84*h + 12257. Give o(147).
-91
Let n(i) = 36*i**3 + 53*i**2 + 158*i + 9. Determine n(-3).
-960
Let h(a) = -a**3 - 27*a**2 + 17646*a + 941. Give h(-147).
59
Let c(y) = -y**3 - 149*y**2 + 1099*y + 1096. What is c(-156)?
4
Let j(o) = -o**3 + 87*o**2 + 830*o - 143. What is j(-9)?
163
Let d(u) = 47*u**2 - 171*u + 146. Determine d(4).
214
Let x(w) = -w**2 - 163*w + 43768. Give x(143).
10
Let i(o) = -114998*o - 804972. Determine i(-7).
14
Let n(y) = y**2 - 290980*y - 1163933. Determine n(-4).
3
Let m(z) = -353*z - 73476. What is m(-208)?
-52
Let c(k) = -2*k**2 - 31564*k - 63121. Calculate c(-2).
-1
Let c(n) = 5*n**2 - 1020. Give c(-24).
1860
Let x(w) = 238*w**2 - 681*w + 440. Calculate x(2).
30
Let q(r) = 34*r**3 - 476*r**2 - 71*r + 990. Calculate q(14).
-4
Let u(b) = 836*b + 15803. What is u(-19)?
-81
Let m(b) = 78690*b + 786883. Give m(-10).
-17
Let g(w) = -8541*w + 1059074. Determine g(124).
-10
Let v(d) = -55662*d - 445273. Give v(-8).
23
Let k(t) = -3205*t - 25622. Calculate k(-8).
18
Let v(w) = 50*w**2 + 268*w + 267. Give v(-1).
49
Let o(l) = l**3 + 123*l**2 - 1758*l + 401. Give o(-136).
-959
Let i(c) = -2*c**3 + 8*c**2 + 1871*c - 12998. Calculate i(7).
-195
Let v(g) = -g**3 + 947*g**2 - 20345*g - 140. Give v(22).
-30
Let y(a) = -64*a**2 + 621*a + 228. Determine y(10).
38
Let c(s) = -118*s**3 + 783*s**2 - 16*s - 20. Give c(7).
-2239
Let t(x) = -x**3 + 140*x**2 - 2173*x - 292. Calculate t(122).
2514
Let m(u) = -u**3 + 109*u**2 - 767*u + 36. Give m(8).
364
Let z(p) = p**2 + 6174*p + 1441230. Give z(-243).
-3
Let d(r) = r**2 - 2434*r + 93320. Calculate d(39).
-85
Let c(k) = -854*k + 8713. Determine c(10).
173
Let a(s) = 5*s**3 - 1478*s**2 + 878*s + 2086. What is a(295)?
21
Let u(a) = 3*a**3 + 269*a**2 - 2031*a - 13. Give u(7).
-20
Let d(g) = -956*g + 273400. Give d(286).
-16
Let q(o) = -o**2 + 437*o - 4658. Determine q(11).
28
Let r(u) = -2458*u + 5024. Calculate r(2).
108
Let k(p) = 6*p**3 + 154*p**2 - 37*p + 298. Give k(-26).
-92
Let v(x) = -x**3 + 225*x**2 + 170*x + 12329. Give v(226).
-327
Let b(j) = -3*j**2 - 189*j - 1947. What is b(-45)?
483
Let c(y) = y**2 + 132*y - 537. Determine c(-134).
-269
Let y(h) = -2233*h + 125049. What is y(56)?
1
Let d(b) = 1466*b**2 + 7308*b + 143. What is d(-5)?
253
Let g(s) = 3*s**2 + 733*s - 52655. What is g(58)?
-49
Let b(j) = -219521*j - 5268496. What is b(-24)?
8
Let f(p) = 168*p**2 + 9249*p + 492. Determine f(-55).
-3
Let a(i) = -i**3 - 14*i**2 - 3547*i - 10538. Calculate a(-3).
4
Let x(r) = -2*r**3 - 474*r**2 + 22312*r + 42096. What is x(-277)?
-8
Let l(r) = r**3 - 486*r**2 + 1590*r - 68064. Give l(483).
39
Let l(n) = -1220*n - 112371. Calculate l(-93).
1089
Let o(p) = 3*p**2 + 65*p - 82. Calculate o(7).
520
Let b(h) = 10*h**3 + 5*h**2 - 46*h + 186. Determine b(3).
363
Let g(t) = -6*t**3 + t**2 + 31996*t - 159994. Give g(5).
-739
Let q(b) = -3596431*b + 17982153. What is q(5)?
-2
Let z(i) = -380875*i - 1904333. Give z(-5).
42
Let i(p) = 6825*p - 163358. Calculate i(24).
442
Let b(j) = 3*j**3 - 121*j**2 - 212*j + 2598. What is b(4)?
6
Let h(i) = -i**3 - 19*i**2 + 3427*i + 37454. What is h(-11)?
-1211
Let i(n) = -3*n**2 - 448*n + 19799. Determine i(-185).
4
Let x(s) = -3*s**2 - 499*s - 11554. Calculate x(-24).
-1306
Let a(t) = -10*t*